{"id":1039,"date":"2021-12-21T20:12:56","date_gmt":"2021-12-21T20:12:56","guid":{"rendered":"https:\/\/startersites.io\/elementor\/homi\/?page_id=1039"},"modified":"2025-11-19T15:07:06","modified_gmt":"2025-11-19T14:07:06","slug":"a-propos","status":"publish","type":"page","link":"https:\/\/edjeannette.fr\/?page_id=1039","title":{"rendered":"A propos"},"content":{"rendered":"\t\t<div data-elementor-type=\"wp-page\" data-elementor-id=\"1039\" class=\"elementor elementor-1039\">\n\t\t\t\t\t\t<section class=\"elementor-section elementor-top-section elementor-element elementor-element-5020ae7 ct-section-stretched elementor-section-height-min-height elementor-section-boxed elementor-section-height-default elementor-section-items-middle\" data-id=\"5020ae7\" data-element_type=\"section\" data-e-type=\"section\" data-settings=\"{&quot;background_background&quot;:&quot;classic&quot;}\">\n\t\t\t\t\t\t<div class=\"elementor-container elementor-column-gap-default\">\n\t\t\t\t\t<div class=\"elementor-column elementor-col-100 elementor-top-column elementor-element elementor-element-36276f8\" data-id=\"36276f8\" data-element_type=\"column\" data-e-type=\"column\">\n\t\t\t<div class=\"elementor-widget-wrap\">\n\t\t\t\t\t\t\t<\/div>\n\t\t<\/div>\n\t\t\t\t\t<\/div>\n\t\t<\/section>\n\t\t\t\t<section class=\"elementor-section elementor-top-section elementor-element elementor-element-f1fb84e elementor-section-boxed elementor-section-height-default elementor-section-height-default\" data-id=\"f1fb84e\" data-element_type=\"section\" data-e-type=\"section\">\n\t\t\t\t\t\t<div class=\"elementor-container elementor-column-gap-default\">\n\t\t\t\t\t<div class=\"elementor-column elementor-col-100 elementor-top-column elementor-element elementor-element-b95565c\" data-id=\"b95565c\" data-element_type=\"column\" data-e-type=\"column\">\n\t\t\t<div class=\"elementor-widget-wrap elementor-element-populated\">\n\t\t\t\t\t\t<div class=\"elementor-element elementor-element-f5f169e elementor-widget elementor-widget-heading\" data-id=\"f5f169e\" data-element_type=\"widget\" data-e-type=\"widget\" data-widget_type=\"heading.default\">\n\t\t\t\t\t<h2 class=\"elementor-heading-title elementor-size-default\">Histoire<\/h2>\t\t\t\t<\/div>\n\t\t\t\t\t<\/div>\n\t\t<\/div>\n\t\t\t\t\t<\/div>\n\t\t<\/section>\n\t\t<div class=\"elementor-element elementor-element-d94663b e-flex e-con-boxed e-con e-parent\" data-id=\"d94663b\" data-element_type=\"container\" data-e-type=\"container\">\n\t\t\t\t\t<div class=\"e-con-inner\">\n\t\t\t\t<div class=\"elementor-element elementor-element-8b5177f elementor-widget elementor-widget-image\" data-id=\"8b5177f\" data-element_type=\"widget\" data-e-type=\"widget\" data-widget_type=\"image.default\">\n\t\t\t\t\t\t\t\t\t\t\t\t\t\t\t<img width=\"150\" height=\"150\"  class=\"attachment-thumbnail size-thumbnail wp-image-1609 lws-optimize-lazyload\" alt=\"\" srcset=\"https:\/\/edjeannette.fr\/wp-content\/uploads\/2025\/11\/photolili-livre-150x150.jpg 150w, https:\/\/edjeannette.fr\/wp-content\/uploads\/2025\/11\/photolili-livre-300x300.jpg 300w, https:\/\/edjeannette.fr\/wp-content\/uploads\/2025\/11\/photolili-livre-100x100.jpg 100w\" sizes=\"(max-width: 150px) 100vw, 150px\" \/ data-src=\"https:\/\/edjeannette.fr\/wp-content\/uploads\/2025\/11\/photolili-livre-150x150.jpg\">\t\t\t\t\t\t\t\t\t\t\t\t\t\t\t<\/div>\n\t\t\t\t\t<\/div>\n\t\t\t\t<\/div>\n\t\t<div class=\"elementor-element elementor-element-f01ca7e e-flex e-con-boxed e-con e-parent\" data-id=\"f01ca7e\" data-element_type=\"container\" data-e-type=\"container\">\n\t\t\t\t\t<div class=\"e-con-inner\">\n\t\t\t\t<div class=\"elementor-element elementor-element-fa5e10a elementor-widget elementor-widget-heading\" data-id=\"fa5e10a\" data-element_type=\"widget\" data-e-type=\"widget\" data-widget_type=\"heading.default\">\n\t\t\t\t\t<h5 class=\"elementor-heading-title elementor-size-default\">Liliane Molle<br>Autrice<\/h5>\t\t\t\t<\/div>\n\t\t\t\t\t<\/div>\n\t\t\t\t<\/div>\n\t\t<div class=\"elementor-element elementor-element-c56720a e-flex e-con-boxed e-con e-parent\" data-id=\"c56720a\" data-element_type=\"container\" data-e-type=\"container\">\n\t\t\t\t\t<div class=\"e-con-inner\">\n\t\t\t\t<div class=\"elementor-element elementor-element-d8a1909 elementor-widget elementor-widget-text-editor\" data-id=\"d8a1909\" data-element_type=\"widget\" data-e-type=\"widget\" data-widget_type=\"text-editor.default\">\n\t\t\t\t\t\t\t\t\t<p><strong>Je suis n\u00e9e en 1954, \u00e0 Montceau-les-Mines, au c\u0153ur de la Bourgogne. Tr\u00e8s t\u00f4t, j\u2019ai senti en moi le besoin de bouger, de d\u00e9couvrir, de m\u2019aventurer au-del\u00e0 des fronti\u00e8res famili\u00e8res. \u00c0 28 ans, c\u2019est \u00e0 Auxerre que mes pas m\u2019ont men\u00e9e, une ville qui deviendra le premier tournant de ma vie d\u2019adulte.&nbsp;<\/strong><strong>C\u2019est l\u00e0 que j\u2019ai \u00e9crit mon tout premier manuscrit : un r\u00eave sur papier, que j\u2019ai pourtant laiss\u00e9 sommeiller des ann\u00e9es durant, enferm\u00e9 dans un simple carton.&nbsp;<\/strong><\/p>\n<p><strong>Les radios locales ont alors pris le relais : ma voix a trouv\u00e9 sa place derri\u00e8re un micro, \u00e0 RCR Auxerre. Ce fut une r\u00e9v\u00e9lation : l\u2019animation, le lien direct avec les autres, la vibration d\u2019un instant partag\u00e9 en direct.&nbsp;<\/strong><\/p>\n<p><strong>Puis, le soleil du Sud-Ouest et les ondes de Radio Bayonne m\u2019ont attir\u00e9e dans ce beau Pays basque : un nouveau d\u00e9cor, une nouvelle vie.&nbsp;<\/strong><\/p>\n<p><strong>C\u2019est \u00e0 Dijon que la communication m\u2019a ouvert de nouveaux horizons. J\u2019y ai d\u00e9couvert le commerce, la vente, et surtout cette \u00e9nergie si particuli\u00e8re du m\u00e9tier de la publicit\u00e9.&nbsp;<\/strong><\/p>\n<p><strong>Dans cette effervescence, une autre passion m\u2019a rattrap\u00e9e : le chant. J\u2019ai enregistr\u00e9 quelques maquettes de chansons, effleur\u00e9 du bout des doigts les coulisses du show-business. Mais, comme le premier manuscrit, tout cela est rest\u00e9 dans ma bo\u00eete \u00e0 r\u00eaves, bien ferm\u00e9e.&nbsp;<\/strong><\/p>\n<p><strong>Puis Monaco, ville d\u2019\u00e9l\u00e9gance et de lumi\u00e8re : j\u2019y ai poursuivi mon parcours dans la communication. Peu de clients, certes, mais un chiffre d\u2019affaires cons\u00e9quent. Ce paradoxe ne m\u2019a pas frein\u00e9e, au contraire, il m\u2019a appris \u00e0 aller \u00e0 l\u2019essentiel.&nbsp;<\/strong><\/p>\n<p><strong>Saint-Rapha\u00ebl a \u00e9t\u00e9 la ville que j\u2019ai pr\u00e9f\u00e9r\u00e9e : vivante, anim\u00e9e, peupl\u00e9e de gens passionnants. J\u2019y ai d\u00e9couvert la communication presse gratuite, la cr\u00e9ation de publicit\u00e9s, de visuels, de slogans.&nbsp;<\/strong><\/p>\n<p><strong>Et la vie, impr\u00e9visible et malicieuse, m\u2019a ramen\u00e9e l\u00e0 o\u00f9 tout avait commenc\u00e9 : en Bourgogne. Comme un retour aux sources, un cercle, une boucle qui se referme.&nbsp;<\/strong><\/p>\n<p><strong>Mais si la retraite ne fut pas un point final, elle fut une respiration. Le temps, enfin, de rouvrir cette fameuse bo\u00eete \u00e0 r\u00eaves \u2014 et cette fois, de ne plus la refermer.&nbsp;<\/strong><\/p>\n<p><strong>Mon imagination s\u2019est remise \u00e0 danser, mes mots \u00e0 s\u2019aligner, et surtout, j\u2019ai trouv\u00e9 le courage, pour une fois, d\u2019aller jusqu\u2019au bout\u2026<\/strong><\/p>\t\t\t\t\t\t\t\t<\/div>\n\t\t\t\t\t<\/div>\n\t\t\t\t<\/div>\n\t\t<div class=\"elementor-element elementor-element-4c043cf e-flex e-con-boxed e-con e-parent\" data-id=\"4c043cf\" data-element_type=\"container\" data-e-type=\"container\">\n\t\t\t\t\t<div class=\"e-con-inner\">\n\t\t\t\t<div class=\"elementor-element elementor-element-8d61000 elementor-widget elementor-widget-video\" data-id=\"8d61000\" data-element_type=\"widget\" data-e-type=\"widget\" data-settings=\"{&quot;video_type&quot;:&quot;hosted&quot;,&quot;controls&quot;:&quot;yes&quot;}\" data-widget_type=\"video.default\">\n\t\t\t\t\t\t\t<div class=\"e-hosted-video elementor-wrapper elementor-open-inline\">\n\t\t\t\t\t<video class=\"elementor-video lws-optimize-lazyload\" src=\"https:\/\/edjeannette.fr\/wp-content\/uploads\/2025\/11\/Presentation-ED-BD-Anne-Clarck.mp4\" controls=\"\" preload=\"auto\" poster=\"https:\/\/edjeannette.fr\/wp-content\/uploads\/2025\/11\/Image-pour-video-2.jpg\"><\/video>\n\t\t\t\t<\/div>\n\t\t\t\t\t\t<\/div>\n\t\t\t\t\t<\/div>\n\t\t\t\t<\/div>\n\t\t\t\t<\/div>\n\t\t","protected":false},"excerpt":{"rendered":"<p>Histoire Liliane MolleAutrice Je suis n\u00e9e en 1954, \u00e0 Montceau-les-Mines, au c\u0153ur de la Bourgogne. Tr\u00e8s t\u00f4t, j\u2019ai senti en moi le besoin de bouger, de d\u00e9couvrir, de m\u2019aventurer au-del\u00e0 des fronti\u00e8res famili\u00e8res. \u00c0 28 ans, c\u2019est \u00e0 Auxerre que mes pas m\u2019ont men\u00e9e, une ville qui deviendra le premier tournant de ma vie d\u2019adulte.&nbsp;C\u2019est [&hellip;]<\/p>\n","protected":false},"author":1,"featured_media":0,"parent":0,"menu_order":0,"comment_status":"closed","ping_status":"closed","template":"","meta":{"footnotes":""},"class_list":["post-1039","page","type-page","status-publish","hentry"],"blocksy_meta":{"styles_descriptor":{"styles":{"desktop":"","tablet":"","mobile":""},"google_fonts":[],"version":6}},"_links":{"self":[{"href":"https:\/\/edjeannette.fr\/index.php?rest_route=\/wp\/v2\/pages\/1039","targetHints":{"allow":["GET"]}}],"collection":[{"href":"https:\/\/edjeannette.fr\/index.php?rest_route=\/wp\/v2\/pages"}],"about":[{"href":"https:\/\/edjeannette.fr\/index.php?rest_route=\/wp\/v2\/types\/page"}],"author":[{"embeddable":true,"href":"https:\/\/edjeannette.fr\/index.php?rest_route=\/wp\/v2\/users\/1"}],"replies":[{"embeddable":true,"href":"https:\/\/edjeannette.fr\/index.php?rest_route=%2Fwp%2Fv2%2Fcomments&post=1039"}],"version-history":[{"count":82,"href":"https:\/\/edjeannette.fr\/index.php?rest_route=\/wp\/v2\/pages\/1039\/revisions"}],"predecessor-version":[{"id":1676,"href":"https:\/\/edjeannette.fr\/index.php?rest_route=\/wp\/v2\/pages\/1039\/revisions\/1676"}],"wp:attachment":[{"href":"https:\/\/edjeannette.fr\/index.php?rest_route=%2Fwp%2Fv2%2Fmedia&parent=1039"}],"curies":[{"name":"wp","href":"https:\/\/api.w.org\/{rel}","templated":true}]}}